8) to base 12
2
What is -103 (base 4) in base 2?
-10011
1 (base 4) to base 3
1
What is 315 (base 6) in base 11?
a9
Convert 2 (base 3) to base 11.
2
11 (base 9) to base 10
10
Convert 1221 (base 3) to base 11.
48
-22 (base 15) to base 6
-52
Convert -2 (base 14) to base 11.
-2
Convert 27 (base 16) to base 14.
2b
-23 (base 5) to base 8
-15
What is -14 (base 5) in base 2?
-1001
What is 3 (base 7) in base 2?
11
91 (base 10) to base 4
1123
Convert 6 (base 7) to base 16.
6
Convert -21 (base 9) to base 11.
-18
1000010 (base 2) to base 4
1002
What is 84 (base 16) in base 7?
246
-23 (base 13) to base 16
-1d
What is 5 (base 10) in base 7?
5
What is -7 (base 12) in base 5?
-12
What is 23 (base 16) in base 11?
32
3 (base 13) to base 2
11
What is 0 (base 15) in base 9?
0
Convert 17 (base 16) to base 6.
35
What is 4 (base 11) in base 15?
4
20 (base 11) to base 15
17
Convert -1 (base 6) to base 3.
-1
What is 100 (base 2) in base 15?
4
207 (base 8) to base 13
a5
What is 11 (base 8) in base 2?
1001
-262 (base 8) to base 12
-12a
-32 (base 13) to base 14
-2d
-b (base 15) to base 13
-b
Convert 1 (base 3) to base 11.
1
Convert -11 (base 2) to base 4.
-3
Convert 30 (base 15) to base 10.
45
Convert 7 (base 14) to base 10.
7
2 (base 4) to base 9
2
Convert -1 (base 12) to base 5.
-1
Convert -20 (base 3) to base 16.
-6
Convert 6 (base 11) to base 7.
6
Convert 4 (base 13) to base 7.
4
Convert 3 (base 14) to base 13.
3
4 (base 9) to base 10
4
-114 (base 8) to base 13
-5b
Convert -30 (base 6) to base 11.
-17
What is 3 (base 8) in base 10?
3
Convert 1 (base 5) to base 6.
1
What is -3 (base 11) in base 7?
-3
0 (base 7) to base 5
0
Convert -21111 (base 3) to base 6.
-534
What is 9 (base 15) in base 3?
100
Convert -9 (base 12) to base 3.
-100
2 (base 6) to base 4
2
What is -3 (base 11) in base 14?
-3
What is 4 (base 8) in base 16?
4
Convert -3 (base 6) to base 13.
-3
4d (base 15) to base 13
58
What is -5 (base 12) in base 11?
-5
Convert 122 (base 8) to base 14.
5c
Convert -17 (base 13) to base 7.
-26
What is -b (base 15) in base 6?
-15
164 (base 12) to base 2
11011100
What is -22 (base 9) in base 14?
-16
What is -2 (base 10) in base 14?
-2
What is 10010110 (base 2) in base 8?
226
6 (base 15) to base 7
6
What is 33 (base 7) in base 8?
30
-77 (base 10) to base 6
-205
-16 (base 7) to base 12
-11
What is 40 (base 5) in base 11?
19
1010 (base 2) to base 11
a
2 (base 16) to base 2
10
Convert 4 (base 15) to base 16.
4
What is -2 (base 12) in base 4?
-2
Convert 7 (base 15) to base 6.
11
Convert 6 (base 10) to base 4.
12
What is 6 (base 13) in base 7?
6
-24 (base 9) to base 14
-18
11 (base 3) to base 4
10
-c7 (base 14) to base 16
-af
What is -2 (base 3) in base 9?
-2
3a (base 13) to base 6
121
Convert -21 (base 4) to base 6.
-13
What is -3 (base 9) in base 7?
-3
What is 2222 (base 4) in base 12?
122
515 (base 6) to base 9
232
What is -1 (base 3) in base 6?
-1
Convert 22 (base 4) to base 16.
a
Convert 21 (base 14) to base 10.
29
-1001 (base 2) to base 10
-9
-11011 (base 2) to base 12
-23
-14 (base 5) to base 11
-9
What is 21 (base 8) in base 10?
17
What is 46 (base 10) in base 14?
34
Convert -10 (base 12) to base 16.
-c
What is -3 (base 14) in base 5?
-3
What is -4 (base 12) in base 14?
-4
Convert 6 (base 7) to base 16.
6
What is 8 (base 14) in base 5?
13
Convert -14 (base 14) to base 11.
-17
What is -6 (base 11) in base 8?
-6
50 (base 9) to base 8
55
6 (base 9) to base 2
110
-19 (base 12) to base 5
-41
48 (base 14) to base 10
64
0 (base 11) to base 7
0
Convert 2 (base 7) to base 6.
2
What is -131 (base 6) in base 16?
-37
What is -10 (base 14) in base 8?
-16
23 (base 11) to base 8
31
Convert 12 (base 10) to base 9.
13
What is 29 (base 14) in base 8?
45
Convert -10 (base 5) to base 13.
-5
What is 2 (base 15) in base 2?
10
-104 (base 8) to base 2
-1000100
Convert -22 (base 3) to base 16.
-8
8 (base 10) to base 5
13
Convert -21 (base 3) to base 5.
-12
What is 6 (base 8) in base 13?
6
a3 (base 16) to base 2
10100011
Convert 25 (base 10) to base 16.
19
Convert -a (base 15) to base 13.
-a
What is 4 (base 10) in base 11?
4
14 (base 7) to base 8
13
5 (base 16) to base 13
5
What is 2 (base 3) in base 12?
2
Convert 1a (base 12) to base 3.
211
-9 (base 10) to base 15
-9
-3 (base 15) to base 16
-3
What is -1 (base 5) in base 10?
-1
What is 1 (base 10) in base 16?
1
-40 (base 5) to base 14
-16
What is 0 (base 16) in base 5?
0
Convert -250 (base 6) to base 8.
-146
-176 (base 12) to base 16
-ea
Convert 30 (base 4) to base 2.
1100
What is -127 (base 11) in base 2?
-10010110
Convert -322 (base 7) to base 12.
-117
-5 (base 9) to base 3
-12
Convert -2 (base 16) to base 12.
-2
What is -6 (base 15) in base 5?
-11
Convert -54 (base 10) to base 7.
-105
What is 10 (base 13) in base 3?
111
-1213 (base 4) to base 14
-75
What is -3 (base 6) in base 15?
-3
21 (base 6) to base 16
d
Convert -1110 (base 2) to base 14.
-10
What is 4 (base 5) in base 8?
4
Convert -1 (base 15) to base 12.
-1
Convert fa (base 16) to base 10.
250
What is 20 (base 5) in base 3?
101
Convert -23 (base 4) to base 11.
-10
5 (base 13) to base 14
5
Convert 3 (base 4) to base 7.
3
What is 32 (base 9) in base 6?
45
Convert -1 (base 13) to base 9.
-1
-4 (base 12) to base 6
-4
-26 (base 11) to base 3
-1001
14 (base 16) to base 13
17
What is 71 (base 8) in base 16?
39
What is -10000 (base 2) in base 14?
-12
What is 42 (base 8) in base 5?
114
3 (base 10) to base 2
11
What is -21 (base 6) in base 13?
-10
10001 (base 2) to base 9
18
11 (base 6) to base 15
7
What is -1121 (base 3) in base 14?
-31
Convert 7 (base 16) to base 13.
7
Convert -6 (base 7) to base 16.
-6
What is -4 (base 11) in base 16?
-4
What is -4 (base 15) in base 14?
-4
What is 2a (base 16) in base 15?
2c
What is -12 (base 11) in base 9?
-14
104 (base 5) to base 15
1e
Convert -3 (base 8) to base 3.
-10
0 (base 3) to base 12
0
Convert 0 (base 9) to base 16.
0
What is -210 (base 5) in base 10?
-55
Convert 20 (base 6) to base 3.
110
-10d (base 16) to base 14
-153
1313 (base 4) to base 6
315
-13 (base 8) to base 4
-23
What is 14 (base 6) in base 16?
a
-40 (base 12) to base 3
-1210
5 (base 12) to base 5
10
-2 (base 16) to base 4
-2
Convert 3 (base 5) to base 3.
10
What is 8e (base 16) in base 13?
ac
455 (base 7) to base 10
236
-3b (base 12) to base 4
-233
-46 (base 11) to base 4
-302
-189 (base 10) to base 6
-513
What is 18 (base 12) in base 4?
110
What is ab (base 14) in base 8?
227
Convert -3 (base 7) to base 4.
-3
7 (base 16) to base 6
11
What is -15 (base 8) in base 9?
-14
-21 (base 10) to base 14
-17
What is 59 (base 13) in base 11?
68
What is -2 (base 3) in base 5?
-2
-3 (base 12) to base 15
-3
What is -2 (base 13) in base 7?
-2
What is -8 (base 9) in base 11?
-8
What is 1 (base 12) in base 6?
1
Convert -211 (base 4) to base 13.
-2b
What is -12 (base 7) in base 5?
-14
What is 10110 (base 2) in base 15?
17
Convert -47 (base 15) to base 9.
-74
10 (base 3) to base 14
3
-c (base 13) to base 10
-12
Convert -125 (base 6) to base 5.
-203
1 (base 14) to base 7
1
What is 345 (base 6) in base 4?
2021
Convert -240 (base 7) to base 10.
-126
What is 64 (base 15) in base 12?
7a
What is -7 (base 10) in base 14?
-7
What is 1 (base 11) in base 5?
1
Convert 4 (base 16) to base 13.
4
What is -406 (base 7) in base 6?
-534
What is 100100 (base 2) in base 15?
26
-3e (base 15) to base 6
-135
What is 101 (base 2) in base 15?
5
55 (base 13) to base 5
240
What is -11 (base 8) in base 11?
-9
What is -212 (base 4) in base 6?
-102
-2 (base 14) to base 10
-2
Convert -111 (base 7) to base 3.
-2010
What is -25a (base 11) in base 4?
-10303
Convert 289 (base 10) to base 12.
201
-a0 (base 12) to base 5
-440
-4 (base 7) to base 4
-10
Convert 200 (base 3) to base 12.
16
-3 (base 8) to base 7
-3
24 (base 7) to base 9
20
What is -56 (base 14) in base 15?
-51
Convert -3 (base 12) to base 13.
-3
Convert -101 (base 6) to base 11.
-34
11101 (base 4) to base 12
241
What is -22a (base 11) in base 12?
-1aa
Convert -140 (base 10) to base 15.
-95
What is -14 (base 6) in base 7?
-13
-357 (base 10) to base 4
-11211
What is 0 (base 12) in base 2?
0
1 (base 9) to base 6
1
62 (base 16) to base 11
8a
Convert 1001 (base 3) to base 16.
1c
-246 (base 9) to base 14
-108
-3 (base 7) to base 10
-3
What is -23 (base 9) in base 12?
-19
What is 6